 the tens digit of 1698528522?
2
What is the hundred thousands digit of 6273459030?
4
What is the hundred millions digit of 163101347?
1
What is the ten thousands digit of 1331444959?
4
What is the thousands digit of 928085955?
5
What is the ten thousands digit of 1113258624?
5
What is the ten thousands digit of 13832506?
3
What is the millions digit of 60837487?
0
What is the tens digit of 55624075?
7
What is the ten millions digit of 12849003?
1
What is the units digit of 75024648?
8
What is the tens digit of 50934226?
2
What is the billions digit of 8657343879?
8
What is the tens digit of 897021669?
6
What is the tens digit of 13447337?
3
What is the thousands digit of 5193783?
3
What is the hundred thousands digit of 577723321?
7
What is the hundred millions digit of 772435172?
7
What is the ten millions digit of 68028129?
6
What is the hundreds digit of 2499052520?
5
What is the hundred millions digit of 109291830?
1
What is the tens digit of 1198904062?
6
What is the millions digit of 154070419?
4
What is the units digit of 1189621763?
3
What is the hundreds digit of 896240542?
5
What is the tens digit of 42477165?
6
What is the units digit of 528404391?
1
What is the millions digit of 24746262?
4
What is the thousands digit of 2473008104?
8
What is the ten millions digit of 1050158195?
5
What is the ten millions digit of 97681868?
9
What is the hundred thousands digit of 228666452?
6
What is the billions digit of 3606570779?
3
What is the thousands digit of 38028117?
8
What is the thousands digit of 74106027?
6
What is the millions digit of 2984232411?
4
What is the units digit of 1314535427?
7
What is the units digit of 135084057?
7
What is the hundred thousands digit of 64804138?
8
What is the thousands digit of 144953839?
3
What is the millions digit of 83733492?
3
What is the billions digit of 1594164695?
1
What is the units digit of 197080636?
6
What is the ten millions digit of 503291683?
0
What is the thousands digit of 35440507?
0
What is the hundred millions digit of 157531804?
1
What is the hundreds digit of 530887187?
1
What is the thousands digit of 33300425?
0
What is the ten millions digit of 124988847?
2
What is the units digit of 465047717?
7
What is the ten thousands digit of 18947772?
4
What is the thousands digit of 2780897556?
7
What is the units digit of 1297735365?
5
What is the ten thousands digit of 321702870?
0
What is the millions digit of 1588294394?
8
What is the units digit of 362664833?
3
What is the ten millions digit of 990663646?
9
What is the millions digit of 1909665552?
9
What is the millions digit of 392600456?
2
What is the ten millions digit of 85118744?
8
What is the ten thousands digit of 41380407?
8
What is the units digit of 1705775515?
5
What is the tens digit of 66390272?
7
What is the hundred thousands digit of 764859630?
8
What is the tens digit of 2234914839?
3
What is the tens digit of 305073434?
3
What is the ten thousands digit of 913976533?
7
What is the ten thousands digit of 95062067?
6
What is the units digit of 88908758?
8
What is the tens digit of 7723987472?
7
What is the ten millions digit of 366186890?
6
What is the units digit of 166065353?
3
What is the millions digit of 2875619722?
5
What is the thousands digit of 1346698560?
8
What is the hundred thousands digit of 44472141?
4
What is the ten thousands digit of 588141484?
4
What is the millions digit of 76904202?
6
What is the tens digit of 31399009?
0
What is the thousands digit of 244915944?
5
What is the units digit of 10093748?
8
What is the thousands digit of 7847517336?
7
What is the thousands digit of 4659264455?
4
What is the millions digit of 1164770922?
4
What is the ten thousands digit of 60524492?
2
What is the hundred millions digit of 487257640?
4
What is the units digit of 3570743263?
3
What is the ten millions digit of 351971131?
5
What is the hundred thousands digit of 80282972?
2
What is the hundred millions digit of 628532342?
6
What is the hundred thousands digit of 401849788?
8
What is the hundreds digit of 781810122?
1
What is the hundred thousands digit of 3042633730?
6
What is the hundreds digit of 276245169?
1
What is the ten millions digit of 40193145?
4
What is the units digit of 951609719?
9
What is the tens digit of 360717691?
9
What is the ten millions digit of 491806908?
9
What is the hundred thousands digit of 251970188?
9
What is the tens digit of 16717822?
2
What is the tens digit of 3876982550?
5
What is the thousands digit of 1478577892?
7
What is the thousands digit of 180873468?
3
What is the millions digit of 10361131?
0
What is the hundred thousands digit of 137524034?
5
What is the hundreds digit of 53745182?
1
What is the hundreds digit of 6647373?
3
What is the hundred thousands digit of 23149370?
1
What is the hundreds digit of 60692970?
9
What is the hundred thousands digit of 56467293?
4
What is the hundred thousands digit of 1117071981?
0
What is the ten millions digit of 640133855?
4
What is the ten thousands digit of 4027494776?
9
What is the units digit of 323509430?
0
What is the millions digit of 70328164?
0
What is the ten millions digit of 207184382?
0
What is the ten thousands digit of 106497445?
9
What is the hundreds digit of 6843386889?
8
What is the thousands digit of 378088122?
8
What is the units digit of 211871137?
7
What is the tens digit of 208727554?
5
What is the ten millions digit of 631348734?
3
What is the units digit of 314015291?
1
What is the ten millions digit of 307478535?
0
What is the hundreds digit of 18740889?
8
What is the ten millions digit of 130878845?
3
What is the ten millions digit of 20472262?
2
What is the tens digit of 611681533?
3
What is the tens digit of 20890512?
1
What is the ten thousands digit of 2093181988?
8
What is the thousands digit of 297299509?
9
What is the thousands digit of 1763381011?
1
What is the millions digit of 4829774341?
9
What is the thousands digit of 5963784339?
4
What is the thousands digit of 74784590?
4
What is the ten thousands digit of 16864853?
6
What is the units digit of 74078318?
8
What is the millions digit of 179334929?
9
What is the ten thousands digit of 241179854?
7
What is the hundred millions digit of 1706080985?
7
What is the hundred thousands digit of 920512086?
5
What is the hundreds digit of 49136131?
1
What is the hundred millions digit of 1864548084?
8
What is the ten millions digit of 260234554?
6
What is the hundreds digit of 99272375?
3
What is the thousands digit of 442341365?
1
What is the hundred thousands digit of 572931590?
9
What is the hundred thousands digit of 3576653128?
6
What is the millions digit of 86008294?
6
What is the millions digit of 235572352?
5
What is the ten thousands digit of 89178899?
7
What is the tens digit of 39354604?
0
What is the hundred thousands digit of 438110767?
1
What is the ten thousands digit of 40878194?
7
What is the thousands digit of 1836283612?
3
What is the units digit of 1465475603?
3
What is the tens digit of 110774990?
9
What is the ten thousands digit of 3279865926?
6
What is the tens digit of 218662729?
2
What is the tens digit of 740036805?
0
What is the thousands digit of 179786898?
6
What is the hundred millions digit of 3167407511?
1
What is the units digit of 40778812?
2
What is the hundred millions digit of 243350892?
2
What is the ten thousands digit of 414441505?
4
What is the units digit of 2249583950?
0
What is the hundreds digit of 48857778?
7
What is the hundreds digit of 757330632?
6
What is the hundred thousands digit of 516361009?
3
What is the ten thousands digit of 358284952?
8
What is the ten millions digit of 168402276?
6
What is the ten millions digit of 143924322?
4
What is the thousands digit of 2032854552?
4
What is the tens digit of 646209102?
0
What is the millions digit of 3487843831?
7
What is the units digit of 622831?
1
What is the millions digit of 54798018?
4
What is the millions digit of 50726771?
0
What is the hundreds digit of 1694969555?
5
What is the hundred thousands digit of 4065683128?
6
What is the hundred millions digit of 2556778792?
5
What is the tens digit of 249995339?
3
What is the hundreds digit of 1226623927?
9
What is the hundred millions digit of 205460819?
2
What is the units digi